the greatest common factor of u and 78?
26
Suppose 2*j = -40 - 4. Let z = j - -27. Calculate the highest common divisor of 10 and z.
5
Suppose 4*n = -5*a - 1, -4*a + 0*n - n = 3. Let f(k) = -k**2 - 8*k - 7. Let b be f(-5). Let i be a + 1 + 136/b. What is the greatest common divisor of i and 51?
17
Let d(v) = v**2 - v + 6. Let u be d(-3). Calculate the highest common factor of u and 192.
6
Let b be -4*3/6 + (-1 - -7). Suppose -2*h + 255 + 153 = b*l, -h - 4*l = -208. Let n = 1 - -24. What is the greatest common factor of h and n?
25
Let j(q) = 11*q**3 - 3*q - 1 + 3 - 2*q**2 + 2*q. Let c be j(2). Suppose 4*r + 0*r = c. What is the highest common factor of 220 and r?
20
Let l be 136/(4/1) - -3. Suppose 2033 = 5*t - 0*o - 2*o, -2*t = -4*o - 810. What is the greatest common divisor of t and l?
37
Suppose 0 = -5*l + 3*b + 110, 4*l - 2*b - 99 + 9 = 0. Let s be -35*(-2 + (-30)/l). What is the greatest common divisor of s and 16?
16
Let q = 115 + -103. Calculate the greatest common factor of 324 and q.
12
Suppose 294 = -5*y + 1044. What is the greatest common factor of y and 225?
75
Let d = 6 + 3. Let v be (-9)/d - (-10 - 0). Let c(o) = o**2 + 24*o - 13. Let t be c(4). What is the greatest common divisor of t and v?
9
Suppose -2*w - 10 = -3*x, -x + 3 = w - 2*w. Suppose -78 = -5*s - x*y, 0 = 4*s - 4*y - y - 46. Let t = 291 + -235. What is the highest common divisor of s and t?
14
Suppose 15*x - 1240 = -5*x. Let j(w) = 85*w**2 + 4*w - 2. Let i be j(3). Suppose -q + 6*q = i. Calculate the highest common factor of x and q.
31
Suppose 54*q - 736 = 8*q. Calculate the greatest common divisor of q and 176.
16
Let l(d) = 56*d**2 + 2*d - 5 - 4 + d**3 + 0*d - 50*d**2. Let m be l(-4). Suppose 4*q - 296 = 244. What is the greatest common divisor of m and q?
15
Let d be ((-8)/(-16))/((-3)/(-108)). What is the highest common divisor of d and 10?
2
Suppose 0 = -6*g + 106 - 4. Let r = g + -14. What is the highest common factor of r and 3?
3
Let w be (280/5 - 6)*23. What is the greatest common divisor of w and 50?
50
Suppose 0 = -4*i - z + 3, -5 = -2*i + 4*z + 19. Suppose 0 = -5*y - 8 - i. Let k be -1 + -1 + (1 - y). Calculate the highest common factor of k and 9.
1
Suppose 3*o + o - 2*d - 4 = 0, o - 3*d + 9 = 0. Suppose o*c = -3*y + 159 + 99, 4*y - 314 = 2*c. What is the greatest common divisor of 18 and y?
9
Let o be (-29 - -11) + (-10)/2. Let i(b) = -b**3 - 24*b**2 - 36*b + 21. Let h be i(o). Calculate the highest common divisor of 16 and h.
16
Let y(r) = -125*r - 85. Let n be y(-13). What is the greatest common divisor of n and 77?
77
Let p be (1005/75 + -19)/(2/(-15)). Calculate the greatest common factor of p and 1106.
14
Suppose 0 = l + s - 62 + 20, -l - 3*s = -50. What is the highest common factor of l and 10?
2
Suppose -8 = -5*o + 2. Suppose -120 = -3*z + d, z - 38 - o = 5*d. Let g = z - 21. What is the highest common factor of 76 and g?
19
Suppose -9*u = -6*u - 18. Let h(y) = 4*y + u - 2 + 2. Let n be h(3). What is the highest common divisor of n and 45?
9
Let f be 4/(-6)*(-195)/10. Suppose o + 0*o = -4*o. Suppose -3*i + 124 = v - o*i, -258 = -2*v - i. Calculate the greatest common factor of v and f.
13
Let r(p) = 7*p**2 - 50*p - 2. Let c be r(10). Let d(y) = 2*y + 2. Let x be d(10). Calculate the greatest common factor of x and c.
22
Let j = -11 - -23. Suppose 2*m - j = -2*m, 186 = 5*v + 2*m. Suppose 9 = -k + v. What is the highest common factor of k and 18?
9
Let r be (-7)/((-168)/4496) + 2/(-6). What is the greatest common divisor of r and 22?
11
Let k = 72 - 71. Let q = 15 - k. What is the greatest common factor of 154 and q?
14
Let m be 49 + -6*7/(-21). What is the highest common divisor of m and 34?
17
Suppose -3*s = -4*s + 50. Suppose 0*p + p = b - 4, -5*p - s = 5*b. Let g be (29 - p)*4/3. Calculate the highest common factor of 16 and g.
16
Let q(i) = i - 2. Let x be q(9). Let c be 2/x + (-726)/(-154). Calculate the greatest common factor of 55 and c.
5
Let b = -70 - -100. Let v be b/(4 + 15/(-5)). Calculate the highest common factor of v and 45.
15
Suppose 3*u = -u + 304. What is the greatest common factor of u and 494?
38
Let d = 8 - 5. Suppose -g = -5 - d. Calculate the highest common factor of 16 and g.
8
Let n be ((-12)/(-576)*156)/(2/144). What is the highest common divisor of 153 and n?
9
Let n = 57 + -55. Let o be 1974/105 + (-3)/(30/8). Calculate the highest common factor of n and o.
2
Suppose 2*m = 7*m - 4*n - 50, 0 = -5*m + 3*n + 50. Let g be (-322)/(-4) - (-2)/(-4). Calculate the highest common factor of m and g.
10
Suppose -o + 11*r = 16*r - 151, 2*o = -3*r + 267. What is the greatest common divisor of o and 42?
42
Let h = -6 + 9. Suppose 0*d + d + 81 = -h*m, d = -4*m - 82. Let j = 159 + d. Calculate the greatest common divisor of 54 and j.
27
Suppose -x = -4*x - 5*p + 1592, 5*p = 5*x - 2640. Calculate the highest common divisor of 46 and x.
23
Suppose 5*j - 3*g = 3*j + 336, 2*g = 3*j - 494. What is the greatest common divisor of 126 and j?
18
Suppose -73 = -4*d - 5*n - 0*n, -29 = -2*d - n. What is the highest common factor of 12 and d?
12
Suppose 8 = -5*r + 148. What is the highest common factor of 448 and r?
28
Let q(f) = -f**3 + 5*f**2 - 6. Let o be q(4). Suppose -4*z - 24 = -o*z. What is the greatest common divisor of 1 and z?
1
Suppose 4691 = 20*i - 9. What is the greatest common factor of i and 94?
47
Let z(d) = -6*d**3 - d. Let j be z(-1). Suppose l + 432 = j*l. What is the greatest common divisor of 24 and l?
24
Suppose 0 = 135*n - 131*n - 208. What is the greatest common divisor of 12 and n?
4
Let v = -2 + 12. Suppose -21 = -4*q - 5*h, -q + h + 2 = -v. Let d be (9/18)/((-1)/1)*(-1 - 5). What is the highest common divisor of d and q?
3
Let q(k) = -k**3 + 5*k**2 - 3*k - 3. Suppose -2*p - p - 6 = -4*b, -5*b + 3*p = -9. Let h be q(b). What is the greatest common divisor of 66 and h?
6
Let o be -3 + ((-1)/(-1))/1. Let y be (-69)/o*6/(-9). Let s = y + 38. What is the greatest common factor of 10 and s?
5
Let n = 70 - 36. Let i = -29 + n. Let a = i + -2. Calculate the greatest common divisor of 3 and a.
3
Let i = 693 - 503. Calculate the greatest common divisor of i and 50.
10
Let x be 16*5*(-49)/(-35). What is the greatest common factor of 2 and x?
2
Let v = 40 - 40. Suppose 8*q - 3*q - 65 = v. Calculate the greatest common divisor of 26 and q.
13
Let v(i) = i + 24. Let d be v(2). Calculate the highest common divisor of d and 52.
26
Let g be (-7 - -1 - -7)/(1/154). Calculate the greatest common factor of g and 28.
14
Let z = -179 + 347. What is the greatest common divisor of z and 42?
42
Let i(w) = 4*w + 49. Let h(d) = -1. Let g(v) = 4*h(v) + i(v). Let k be g(-9). What is the greatest common divisor of 9 and k?
9
Let v(l) = -l. Let x(n) = -n - 3. Let j be x(0). Let b be v(j). Suppose -3*m + 3*q = 2*m - 45, -b*m - q = -41. What is the greatest common factor of 48 and m?
12
Let m = 257 + -147. Suppose -3*j + 12 + 0 = 0. Suppose b - 36 = -j*a, -5*b + 22 = 5*a - 8. What is the greatest common divisor of m and a?
10
Let z(o) = -o**3 + 1. Let n(j) = -206*j**3 - j**2 + 2*j - 5. Let l(d) = -n(d) - 5*z(d). Let h be l(1). Calculate the greatest common divisor of h and 21.
21
Suppose i + 2*i + 4*s - 170 = 0, 0 = 3*s - 6. Let a be 3 - (138/9)/(4/(-18)). What is the highest common factor of i and a?
18
Suppose 2*g + 54 = -4*k, g - 2*g = -k + 36. Suppose 241 = -19*a - 500. Let s be ((-11)/g)/((-1)/a). What is the highest common divisor of 26 and s?
13
Suppose -5*x + 2*x + 138 = 0. Let i = x - 43. What is the greatest common factor of 3 and i?
3
Let s(h) = -h**3 + 6*h**2 - 7*h + 12. Let z be s(6). Let i be z*5/((-75)/72). Calculate the highest common divisor of i and 18.
18
Let v be (-1)/(-1)*(-2 - -7). Let f(o) = 5*o + 5. Let x be f(v). Calculate the greatest common divisor of x and 45.
15
Let l(k) = k**3 - 38*k**2 + 40*k - 55. Let x be l(37). What is the greatest common divisor of 224 and x?
56
Suppose 14*q = 386 - 162. Calculate the highest common divisor of 82 and q.
2
Let o be (-1)/(-4)*4 - 7. Let t be (6/(-4))/(9/o). Suppose -b + 5 + t = 0. Calculate the greatest common divisor of b and 2.
2
Suppose 8*b - 66 = -3*b. Suppose 353 = 5*y - 2*m, 2*y + 2*y = -3*m + 264. Let n = y + -39. Calculate the highest common factor of b and n.
6
Let j be (-2